ainder when 293 is divided by (-2)/(-4) + 755/10.
65
Let g(f) = 14*f - 158. Calculate the remainder when 1557 is divided by g(13).
21
What is the remainder when 53 is divided by -9 + 6/12*62?
9
Let w = -2347 - -2758. Calculate the remainder when w is divided by 52.
47
Suppose 0*s - 479 = -3*a + 2*s, -4*a - s + 657 = 0. Calculate the remainder when a is divided by 58.
47
Let w be (-9)/(3/(1 - 4)). Suppose 0 = -16*m + 13*m + w. Calculate the remainder when 9 is divided by m.
0
Suppose 0*o = 4*f + 4*o - 24, 3*f - 12 = 3*o. What is the remainder when (-2)/3 + f/(-60)*-956 is divided by 41?
38
Suppose 14 + 17 = -3*u + 5*n, 0 = n - 5. Let r be (-17)/(-4)*(-8)/u. Let l = r + 36. What is the remainder when l is divided by 14?
11
Suppose -4*t - 313 = -3*r, -3*t = 4*r - 345 - 114. What is the remainder when r is divided by 22?
1
Let y = 74 + -58. What is the remainder when y is divided by 6?
4
What is the remainder when 318 is divided by 10/125 - 2023/(-25)?
75
Let q(d) = 55*d**2 - 3*d - 1. Calculate the remainder when q(-2) is divided by 7/(42/(-24)) + 42.
35
Let c be ((-455)/14)/(-13) + (-1)/2. Suppose -5*j - 3*t + 173 = -6*t, 5*j - 172 = c*t. Calculate the remainder when j is divided by 9.
7
Let w = 4158 - 4137. Let l = 12 - 4. Calculate the remainder when w is divided by l.
5
Suppose 27*a - 25*a - 4*n - 122 = 0, 55 = a - 4*n. Calculate the remainder when 172 is divided by a.
38
Let d(u) = -8*u + 36. Let j be d(-11). Suppose 2*a = -4*p + 76, -2*a - a = 4*p - j. Calculate the remainder when a is divided by 17.
14
What is the remainder when (37/(-2)*5)/((-26)/52) is divided by 15?
5
Let g(u) = -14*u + 2. Let l be g(-2). Let x = l + -79. Let c = -32 - x. Calculate the remainder when c is divided by 7.
3
Let v = -1324 - -1384. Calculate the remainder when 1019 is divided by v.
59
Suppose -8*n + 6*n + 8 = 0. Suppose 8 = 4*a - m, -4*a + 24 = n*m - m. Calculate the remainder when 17 is divided by a.
2
Suppose 0 = -28*m + 20*m + 3760. What is the remainder when m is divided by 43?
40
Let c = -989 - -1044. What is the remainder when 106 is divided by c?
51
Suppose 0 = -5*t - 3*j + 101, -4*j - 9 = -t + j. What is the remainder when 55 is divided by t?
17
Let p be 4/16*0 + 23. Suppose -4*d + p = 5*k, 2*k + d = 17 - 6. Calculate the remainder when k is divided by (-9)/(-9) + 2 + 2 + 0.
2
Let s(h) = h + 1. Let c(m) = -5. Let x(f) = -c(f) - 6*s(f). Let l(g) = g**3 + 8*g**2 + 8*g - 8. Calculate the remainder when x(-4) is divided by l(-3).
10
Let i(u) = 74*u**3 + u. Let a be i(1). Suppose 4*x = 7*x - a. What is the remainder when 46 is divided by x?
21
Suppose -7*x + 3 = -4*x. Let y be 1*(x + -1 + 3). Suppose 3*f - y*k - 43 = -f, -3*f + 3*k + 30 = 0. What is the remainder when f is divided by 8?
5
What is the remainder when (104/20 - 0)/1*10 is divided by 40?
12
Suppose 0 = y + 3, q - 16 - 15 = 5*y. Calculate the remainder when 284 is divided by q.
12
Let j be 2/3 - 10/(-3). Suppose -11 - 97 = -j*g. Let z = 51 + -36. Calculate the remainder when g is divided by z.
12
Suppose 4*n - 1823 = -1763. Calculate the remainder when 41 is divided by n.
11
Let t(l) = -l**3 - 21*l**2 - 3*l + 41. Let w be t(-21). Suppose 6*s - w + 20 = 0. What is the remainder when 15/20 - (-530)/8 is divided by s?
11
Suppose -4*y - 4*s + 8 + 16 = 0, 0 = 2*y + 3*s - 7. Suppose -y = z - 31. Calculate the remainder when 73 is divided by z.
13
Suppose -g = -5*u - 168, -2*u + u - 653 = -4*g. What is the remainder when g is divided by 83?
80
Let a = -227 - -365. What is the remainder when 21 is divided by 4/(-12) - (3 + a/(-9))?
9
Let w(q) = q**2 - q - 6. Let l be w(-10). Let j = l + -50. Calculate the remainder when j is divided by 11.
10
Let q(z) = 10*z - 7. Let m be q(3). Suppose -65 = -4*o - 21. Let a = m - o. Calculate the remainder when 33 is divided by a.
9
Suppose 5*x = -q - 1, 3*x - x + 14 = 3*q. What is the remainder when 3 - 2 - (x - 62) is divided by (-6 + 256/40)*55?
20
Let j(t) = t + 2. Let p be j(2). Suppose -7 = -p*r + 1. Let l(g) = g**3 - 3*g**2 - 3*g - 1. Calculate the remainder when l(4) is divided by r.
1
Let q = 19 - 14. Suppose -5*k + 274 = 2*t - q*t, 5*t = -4*k + 197. Calculate the remainder when k is divided by (9 - -3)*(-6)/(-4).
17
Let w(x) be the third derivative of -7*x**4/24 + 11*x**3/6 - 30*x**2. Calculate the remainder when w(-9) is divided by 19.
17
Let n = -40 + 71. Suppose 0 = -4*v + 5*u + n, -v + 5*u + 35 = 4*v. What is the remainder when 6 is divided by v?
2
Suppose -3*w + 277 - 115 = 0. Calculate the remainder when 917 is divided by w.
53
What is the remainder when 3/(-9 + 111/12) - -1 is divided by (-18)/(-2) + (0 - 1)?
5
Let c(n) = -2*n**3 + 17*n**2 + 7*n + 24. What is the remainder when c(8) is divided by 43?
15
Let f(y) = 317*y - 141. Calculate the remainder when f(1) is divided by 28.
8
Suppose 5*h = z + 12, 2*z - 2*h - h = -3. Suppose 2*p + 6 = -d + 22, 3*d - 60 = -z*p. What is the remainder when 94 is divided by d?
22
Let z = 15 - 47. Let c = 39 + z. What is the remainder when 19 is divided by c?
5
Suppose 0 + 25 = b. Calculate the remainder when (8/10)/(5/450) is divided by b.
22
Let w(u) = -5*u**3 + u**2 + u + 1. Let d be w(-3). Suppose 0 = -6*y + 2 + d. What is the remainder when 95 is divided by y?
23
Let v be (-2 + 1 - 0) + 19. Suppose 2*n = 3*n - v. Calculate the remainder when (21/63)/((-5)/(-765)) is divided by n.
15
Let o(d) = 12*d**2 - 14 + 22*d - 13*d**2 - 9*d. What is the remainder when 108 is divided by o(10)?
12
Let b = 8 - 8. Let p(w) = w**3 - w + 1. Let g be p(b). Calculate the remainder when 3 is divided by 4*g - (-9)/(-9).
0
Let n = 72 - 38. Suppose 0 = -3*z - 0*z - c - n, 12 = -3*c. Let s(y) = -y**2 - 15*y - 4. Calculate the remainder when s(z) is divided by 16.
14
Let y = 39 - 37. Let g(z) = 0*z + z - 1 + 2*z**2 - 4 + y. Calculate the remainder when 47 is divided by g(-3).
11
Suppose 6 = -4*u + 3*u. Let q(x) = -x**3 - x**2 + 2*x + 1. Calculate the remainder when q(-5) is divided by ((-92)/u)/(56/84).
22
Let k = -18 + 45. Suppose 0 = -4*z - 3*b + 42, b - k = -2*z - 7. Suppose -s + 4 = -0*s. What is the remainder when z is divided by s?
1
Suppose l = 2*u, -u + l = -3*u - 4. Let j be (-290)/(-20) - u/(-2). Let i = j - 4. Calculate the remainder when 18 is divided by i.
8
Suppose 48*j = 64*j - 1296. What is the remainder when j is divided by 43?
38
Let q(d) = 47*d**2 + 11*d - 15. Let w(f) = 23*f**2 - 2*f + 5*f - 5 - 2 + 2*f. Let y(n) = -6*q(n) + 13*w(n). What is the remainder when y(2) is divided by 17?
14
Let f = -222 + 251. What is the remainder when 115 is divided by f?
28
Let p(u) = u**3 + 6*u**2 + 4*u + 6. Let m = 53 + -71. Let l(t) = t**2 + 17*t - 12. What is the remainder when p(-4) is divided by l(m)?
4
Let g(b) be the second derivative of b**3/6 - b**2 - 3*b. Let i be g(-5). Calculate the remainder when 7 is divided by (-1)/i - (-40)/14.
1
Suppose -5*r + 5 = 3*p - 0*r, -r + 18 = 4*p. Suppose -90 = -p*u + 280. Suppose 0 = -m - 4*m + 95. Calculate the remainder when u is divided by m.
17
Let v(t) = -2*t**3 + 10*t**2 + 26*t - 5. Let l(s) = s**3 - s + 1. Let g(w) = l(w) + v(w). Calculate the remainder when g(12) is divided by 2.
0
Let v(c) = 2*c**3 + 5*c**2 - 5*c + 1. Let h be v(-4). What is the remainder when 35 is divided by (45/12)/(h/(-72))?
5
Let w = -53 - -142. Suppose 4*a = -r + w, -2*r + 5*a + 135 = -17. What is the remainder when r is divided by 28?
25
Let s(q) = 2*q + 75. What is the remainder when s(26) is divided by 45?
37
Let v(m) = -m**3 + 14*m**2 + 5*m - 27. What is the remainder when v(13) is divided by 43?
35
Suppose 93 = 8*n - 5*n. What is the remainder when 61 is divided by n?
30
Let z = -85 + 131. Suppose -3*r + 543 = -2*w, 356*r - 358*r = 2*w - 372. Calculate the remainder when r is divided by z.
45
Let u(p) = -p**2 - 9*p - 14. Let f be u(-5). Suppose f*c + 91 = -143. Let q = -6 - c. What is the remainder when 96 is divided by q?
30
Let a be (-15)/3*78/(-5). Suppose 5*g + g = a. What is the remainder when 64 is divided by g?
12
Calculate the remainder when 24584/112 - (-3)/2 is divided by 47.
33
Let k = 10 + -6. Suppose 96 = -c + k*c. Let o = 11 + c. What is the remainder when o is divided by 15?
13
Suppose 5 = 3*f + 2*a + 2*a, -f - 3*a = 0. Suppose -f*o + 315 = -6*o. Let w = o + 165. Calculate the remainder w